(h) = -3*h**2 + 4*h + 35. Let d(c) = -7*g(c) + 4*o(c). List the prime factors of d(a).
3, 13
Let j = -13120 - -19407. List the prime factors of j.
6287
Let m(t) = 6*t**3 - 4*t**2 - 4*t - 115. Let j(o) = -7*o**3 + 5*o**2 + 5*o + 115. Let x(s) = -5*j(s) - 6*m(s). List the prime factors of x(0).
5, 23
Suppose 18*m - 37*m = -29317. List the prime factors of m.
1543
Let i be ((-5)/10)/((-3)/(-96)). Let c be -2*3*i/(-12). Let a(j) = -j**3 - 9*j**2 - 9*j + 2. List the prime factors of a(c).
2, 5
Let w = 33 + -29. Suppose 0*n + 3*n + 4*b + 5 = 0, -2*n + w*b + 30 = 0. Suppose n*h = 46 + 159. List the prime factors of h.
41
Let s be 6 + -4*(-2)/(-4). Let g(q) = -8*q - 4. Let k be g(s). What are the prime factors of (-1 + 6)*k/(-10)?
2, 3
Suppose 5*f = 6*f + 5*q - 7, 2*f = -3*q + 14. Suppose -25 = z - 3*z - 5*y, 5*y = 25. Suppose z = 3*k - f - 14. List the prime factors of k.
7
Let u(a) = -8*a + 34. Let s be u(10). Let y = s - -81. What are the prime factors of y?
5, 7
Suppose -55 + 786 = m. What are the prime factors of m?
17, 43
Let j(x) = -x**2 - 2*x - 10. Let b be j(-5). Let y = 39 + b. List the prime factors of y.
2, 7
Suppose -28 = -3*a - 4. Let m = 10 - a. Suppose -2*c + 48 = m*c. What are the prime factors of c?
2, 3
Let i(y) = -5*y**2 + 3*y + 2. Suppose -3*p - 4*z = -p - 6, -3*z = -3*p - 9. Let g be i(p). Let f = g + 45. List the prime factors of f.
3, 13
Suppose 7*o - 5*o = -8. List the prime factors of 8*(-14)/(3 + o).
2, 7
Suppose 2*p + 8 = -0*p. Let t = -23 - -21. What are the prime factors of (0 - p/(-1))*t?
2
Suppose 5*z = -5*g + 10, 0 = 4*z - g - 6 - 7. Suppose -p + 9 = z. What are the prime factors of 80/6*(9 - p)?
2, 5
Let p(s) = -11*s. Let m be 12/8 + 2/4. Let c be m*5/((-40)/12). What are the prime factors of p(c)?
3, 11
What are the prime factors of (17*(-3)/6)/((-2)/20)?
5, 17
List the prime factors of (22332/8)/((-3)/(-4)).
2, 1861
Let a(k) = 6*k**3 - k**2 + 1. Let f be a(1). Suppose g = -2*q + f, -3*q = -2*q - 5. Let h(m) = 2*m**2 + 3*m - 2. What are the prime factors of h(g)?
2, 3
Let t = -8 + 6. Let a be (-3)/t*(-3 - -15). Let f = 12 + a. What are the prime factors of f?
2, 3, 5
Suppose 1 = 5*q - 19. Suppose -9*x + q*x = -550. List the prime factors of x.
2, 5, 11
Let h(t) be the second derivative of 17*t**3/6 + 3*t**2/2 + 6*t. What are the prime factors of h(4)?
71
What are the prime factors of 469 - (11 + 30/(-5))?
2, 29
Let x be (-66)/(-15) + 2/(-5). Suppose -2*r = z + 386, -x*r + 262 = 4*z + 1030. What are the prime factors of r/(-6) + 4/6?
3, 11
Suppose -6*p = -4*p - 3*g, 0 = 3*p + 2*g - 13. Suppose -2*n = 2*n - 20. Suppose 92 = 3*q + n*d, p*q - 84 = -d + 4*d. List the prime factors of q.
29
Suppose 19*d - 10145 = -2*a + 18*d, -2*a + 5*d + 10175 = 0. List the prime factors of a.
5, 7, 29
Let j be 5/((-20)/(-8)) - 6. Let q be j + 3 + 69*1. Let v = q + -47. List the prime factors of v.
3, 7
Let j(z) = -z**3 - 14*z**2 - 2*z - 16. Let l be j(-14). Suppose l*c - 57 = 9*c. What are the prime factors of c?
19
Suppose -2*s + 65 = -0*n - 3*n, 2*n - 210 = -5*s. Suppose -5*h + s = -4*m, 2*m + 0*m + 22 = 3*h. What are the prime factors of (3/(-9))/(h/(-36))?
3
Let g(q) = -69*q - 231. What are the prime factors of g(-8)?
3, 107
Let i(d) = -d**3 - 24*d**2 - 56*d + 27. What are the prime factors of i(-27)?
2, 3, 23
Suppose -9768 = -2*y - 2*y. Suppose -y = -9*m + 6. List the prime factors of m.
2, 17
Suppose y = -z + 3*z - 6654, z = 2*y + 3327. List the prime factors of z.
3, 1109
Suppose 2*p + 2300 = 3*n, 958 - 2482 = -2*n - p. List the prime factors of n.
2, 191
List the prime factors of (4/(-30) - (-968779)/255) + 1.
2, 5, 19
What are the prime factors of (-6)/15*54275/(-26)?
5, 167
Let k = 379 - 576. Let y = 437 + k. List the prime factors of y.
2, 3, 5
Suppose -2*v = -0 + 2. Let h be v/(-4) - 28/(-16). Suppose -4*g + 2*g = 5*z - 150, -3*g - 79 = -h*z. List the prime factors of z.
2
Let j = -101 + 159. Let p = 328 - j. List the prime factors of p.
2, 3, 5
Let d(l) = 62*l**3 - 4*l**2 + 9*l - 18. List the prime factors of d(3).
3, 61
Let u(o) = -14*o - 19. Suppose 11*v = -67 - 10. List the prime factors of u(v).
79
Let w be (-6 - -8 - 3)/(2/(-4)). Suppose -133 = -w*g + 115. What are the prime factors of g?
2, 31
Let a(h) = -7*h - 8. Let m be a(-3). What are the prime factors of (m/26)/((-2)/(-188))?
47
Suppose -3*p - 130 + 148 = 0. Suppose 0 = 3*y - 2*x - 1 - 15, x = 4*y - 23. Let r = y + p. List the prime factors of r.
2, 3
What are the prime factors of ((-450)/60)/(3/(-422))?
5, 211
Let c = -2176 - -3094. What are the prime factors of c?
2, 3, 17
Suppose 288 = f - 4*b, -b = 4*b - 20. List the prime factors of 4/(-3) + f/3.
2, 5
Let n(z) = -2 + 11*z - 7*z**3 + 10*z - 4*z**3 - 20*z. What are the prime factors of n(-2)?
2, 3, 7
Suppose 0 = 5*m + h - 292, -m = -5*h + 4*h - 62. Let r = m + -11. List the prime factors of r.
2, 3
Suppose -x + 127 = 2*c, c + c + 2*x - 126 = 0. Let i be (12/10)/(2/(-10)). What are the prime factors of 12/(-8)*c/i?
2
Suppose -8 = 3*f - 7*f. Suppose -3*v + 6 = -v, -4*v = -f*o + 118. Suppose -o = -4*z + 87. List the prime factors of z.
2, 19
Suppose -7*x - 266 = -77. List the prime factors of (0 - 41/(-3)) + (-9)/x.
2, 7
Let x(c) = -c**2 - 11*c - 8. Let s be 6/(-8)*(-360)/(-10). Let m be 18/s - (-28)/(-3). List the prime factors of x(m).
2
List the prime factors of ((-7)/49)/((-7)/21511).
439
Let t = 296 + 317. List the prime factors of t.
613
List the prime factors of 1*6 - (-6 - -3)/(-1).
3
Let k(i) = -i**3 + 23*i**2 - 12*i + 10. List the prime factors of k(8).
2, 19, 23
Let f = -10 - -9. Let w(c) = 40*c**2 - c. Let l be w(f). Suppose 0 = 3*t + 3*j - 45, -3*t = 3*j - 2*j - l. List the prime factors of t.
13
Let y = -4235 - -6067. What are the prime factors of y?
2, 229
Suppose -t = -5*q - 3*t + 7450, 2*q - 5*t - 2951 = 0. What are the prime factors of q?
2, 3, 31
Let g(s) = -s**3 + 2*s**2 + 2*s + 3. Let k be g(3). What are the prime factors of 11 - 4/16*k?
11
Let z(l) = l**3 - l**2. Let h be z(1). Suppose h = -f + 6. What are the prime factors of ((f*29)/(-3))/(-2)?
29
Suppose -3*y - 3842 = -2*z, 0 = 2*z + 2*y - 0*y - 3862. What are the prime factors of z?
41, 47
Suppose 4*o + 3 = 5*o + l, 4*l + 4 = 0. Suppose 0 = r - o*r + 108. Suppose 2*j - r = 2. List the prime factors of j.
19
Let n = -22 + 21. List the prime factors of (7 - 1) + n + -1.
2
Suppose p = -0*p + 4*n - 314, 5*p = -3*n - 1639. List the prime factors of p/(-6) - (-3)/(-9).
2, 3
Suppose 0 = 18*n + 13*n - 18569. What are the prime factors of n?
599
Suppose 162*a - 160*a = 944. List the prime factors of a.
2, 59
Let d(s) = 2*s**3 - 13*s**2 + 7*s - 8. Let w be d(6). What are the prime factors of (w + 2 - 1)/((-2)/538)?
269
Let j(o) = o**2 - 9*o + 9. Let s be j(8). List the prime factors of 50 - ((-4)/s + 5).
7
Let q(f) = 6*f + 3. Let o be q(-4). Suppose 17*s = 16*s + 2. List the prime factors of (o/9)/(s/(-12)).
2, 7
Let n(z) = -9*z + 8. Let o be n(-7). Let k = o + -8. Suppose k = 5*s + 13. What are the prime factors of s?
2, 5
Suppose -21*q + 16*q = -3*y + 2969, q = y - 993. What are the prime factors of y?
2, 499
Let z(j) = 194*j - 252. List the prime factors of z(7).
2, 7, 79
Let h(x) = -3*x + 5. Let c = 35 + -31. Suppose c*g + 0*g = a - 44, 3*g + 5*a + 33 = 0. List the prime factors of h(g).
2, 19
Suppose 0 = -19*n + 24*n + 155. What are the prime factors of (-1 + -3 + 6)*n/(-2)?
31
Let o = 1103 - 331. List the prime factors of o.
2, 193
Let n = 105 + 261. List the prime factors of n.
2, 3, 61
Suppose -4*g + 24 = -2*l, -l - 2*l + 5*g - 31 = 0. What are the prime factors of 8/((l*(-2)/52)/1)?
2, 13
Let d(l) = 131*l**2 + 2*l + 29. List the prime factors of d(4).
3, 79
Let h(j) = j**3 - 19*j**2 - 6*j + 40. What are the prime factors of h(21)?
2, 199
Suppose 4*z - 3*o + 17 = 268, o = 5*z - 311. List the prime factors of z.
2, 31
Let w = 30 + -30. Suppose -4*q = -3*q - 5. Suppose w = -r + q + 9. What are the prime factors of r?
2, 7
Let q(d) = 3*d**2 + 14 - 2*d**2 + 15. Let v = -192 + 192. What are the prime factors of q(v)?
29
Let n(t) = -t**3 - 3*t - 6. Let b be n(-5). Let k = 251 - b. List the prime factors of k.
3, 13
Let i(o) = 43*o - 202. List the prime factors of i(25).
3, 97
What are the prime factors of ((-11856)/91)/((-2)/21)?
2, 3, 19
Le